lse
Is 1179584359 a prime number?
True
Is 83709255391 composite?
True
Is 41571871 a prime number?
False
Is 61241564627 a composite number?
False
Is 586479317 composite?
False
Is 11739739978 a composite number?
True
Is 1578049399 composite?
True
Is 1511382529 a composite number?
False
Is 25483452739 a composite number?
True
Is 894654989 a composite number?
True
Is 1041535921 prime?
False
Is 319806961 composite?
False
Is 123413163719 composite?
True
Is 7677011977 composite?
False
Is 68449533898 composite?
True
Is 1184965801 composite?
False
Is 2547133769 a composite number?
True
Is 44486645087 composite?
True
Is 8305100747 a composite number?
True
Is 563264441 composite?
True
Is 11388867421 prime?
True
Is 3294663683 composite?
True
Is 27995891797 a composite number?
False
Is 2800112837 a composite number?
False
Is 765534459 a composite number?
True
Is 1334708671 a prime number?
False
Is 411293219 prime?
False
Is 26502151609 prime?
True
Is 37541466269 prime?
True
Is 37572133663 a prime number?
False
Is 7857399497 a prime number?
False
Is 7933704043 prime?
True
Is 4710200441 a prime number?
False
Is 3200404983 prime?
False
Is 5766850961 a composite number?
False
Is 143829789 a prime number?
False
Is 50076633 prime?
False
Is 166876287 a composite number?
True
Is 145179730723 prime?
True
Is 38881928563 composite?
False
Is 101758693 a prime number?
False
Is 12238558415 prime?
False
Is 947399707 prime?
False
Is 73665205721 a composite number?
True
Is 39485226757 a prime number?
True
Is 45294956669 a composite number?
True
Is 70439457833 composite?
False
Is 514541453 composite?
False
Is 846011311 a composite number?
False
Is 42632243573 composite?
False
Is 38243925673 a prime number?
True
Is 9152870329 a prime number?
False
Is 1028493437 prime?
False
Is 1911895003 a composite number?
False
Is 12822893281 composite?
True
Is 36023213 a prime number?
False
Is 1151821427 a composite number?
True
Is 219754709 a prime number?
True
Is 1280396393 composite?
False
Is 4919468153 prime?
False
Is 1659388321 a composite number?
True
Is 2744476289 prime?
False
Is 790313593 a prime number?
True
Is 2820867977 prime?
True
Is 25676128081 composite?
True
Is 1161250837 prime?
True
Is 16068912179 composite?
True
Is 502642211 a prime number?
True
Is 12431874943 composite?
False
Is 2758386611 a prime number?
False
Is 3146709317 prime?
True
Is 1071468361 a composite number?
True
Is 663709297 prime?
True
Is 1776444701 prime?
True
Is 7156724657 prime?
True
Is 7942341893 a composite number?
True
Is 1526406433 a composite number?
True
Is 29352544121 a composite number?
False
Is 23646049009 a composite number?
True
Is 7259276119 prime?
True
Is 258835078109 composite?
True
Is 910653301 a composite number?
False
Is 444045299 prime?
False
Is 1557288253 prime?
False
Is 3192927851 prime?
False
Is 775997383 a prime number?
False
Is 370876433 a composite number?
False
Is 2671324913 prime?
True
Is 29874769513 a prime number?
False
Is 54376697393 a prime number?
True
Is 159012925529 prime?
False
Is 1632331399 prime?
False
Is 317718097 a prime number?
False
Is 2825281037 a prime number?
False
Is 1964580103 a prime number?
True
Is 467590022 a composite number?
True
Is 54561206621 composite?
False
Is 326922217 a prime number?
True
Is 2260710427 prime?
True
Is 2475883279 a prime number?
True
Is 2435375353 prime?
False
Is 104769149417 prime?
True
Is 26480886163 composite?
True
Is 1402747249 composite?
False
Is 2965707991 a prime number?
True
Is 25604192389 prime?
True
Is 297599377 prime?
True
Is 4759297687 a prime number?
False
Is 10888813781 a prime number?
True
Is 43736663 prime?
False
Is 892677299 a composite number?
False
Is 3439883449 composite?
False
Is 2471258677 prime?
False
Is 329909017 a prime number?
False
Is 1138888441 a prime number?
False
Is 2051025869 prime?
True
Is 16673138563 composite?
True
Is 4845846827 a prime number?
False
Is 114127511 prime?
False
Is 107341001497 a prime number?
True
Is 3274484371 composite?
True
Is 3242129063 a prime number?
True
Is 124021608727 prime?
False
Is 254508083 a composite number?
False
Is 67890295133 composite?
False
Is 1810896917 a prime number?
False
Is 1021104517 a composite number?
True
Is 38609422001 a composite number?
True
Is 28822094993 a prime number?
False
Is 2659177127 a prime number?
False
Is 1335775769 a composite number?
True
Is 3418677469 a composite number?
True
Is 118720025527 prime?
True
Is 3343908853 prime?
False
Is 6430906511 prime?
True
Is 65974564573 prime?
True
Is 10377947123 prime?
True
Is 149471918383 a prime number?
True
Is 8568346601 a composite number?
True
Is 1005476581 a composite number?
True
Is 45946091 a composite number?
False
Is 11008901699 a composite number?
False
Is 22781321 prime?
False
Is 746053019 a prime number?
False
Is 374277173 a prime number?
True
Is 17882940494 a prime number?
False
Is 592768481 a composite number?
False
Is 33243053603 prime?
False
Is 40948639 a prime number?
False
Is 30628009 composite?
False
Is 5153086181 a prime number?
False
Is 16637232277 a composite number?
True
Is 46619543291 composite?
False
Is 339738433 a prime number?
False
Is 4853500489 a composite number?
False
Is 31935099181 a composite number?
True
Is 17154383083 a prime number?
True
Is 16212421183 composite?
True
Is 840868687 prime?
False
Is 711483413 prime?
False
Is 8883458917 a composite number?
False
Is 732959317 prime?
False
Is 2459106343 a composite number?
True
Is 712798949 a prime number?
True
Is 2514648317 prime?
True
Is 1398516715 a composite number?
True
Is 1496760809 composite?
False
Is 9644197477 composite?
True
Is 125709568745 prime?
False
Is 14004820429 a composite number?
False
Is 2069276267 a composite number?
False
Is 72715531913 prime?
True
Is 780833869 composite?
False
Is 3085617055 a composite number?
True
Is 2267002001 a composite number?
True
Is 15905323223 composite?
False
Is 6150935647 a composite number?
True
Is 11458923001 a composite number?
False
Is 868105897 a prime number?
True
Is 2094013209 a composite number?
True
Is 1131560803 composite?
True
Is 15623763443 a prime number?
True
Is 625799693 a prime number?
False
Is 529219043 prime?
False
Is 794099134 a composite number?
True
Is 31129517 a prime number?
True
Is 66980830847 a prime number?
False
Is 705891839 a composite number?
False
Is 153809445451 composite?
False
Is 24780769007 a prime number?
True
Is 96893162 a composite number?
True
Is 3229999013 a composite number?
False
Is 33233561 a composite number?
False
Is 139896013 prime?
True
Is 1845437639 a composite number?
False
Is 20219154509 prime?
True
Is 3108782899 composite?
True
Is 1197126543 composite?
True
Is 35278440251 a composite number?
False
Is 17799878183 composite?
False
Is 8210131117 a composite number?
False
Is 111785273 composite?
True
Is 2352447799 composite?
True
Is 9309221881 a composite number?
False
Is 24982516301 a composite number?
True
Is 2184727639 a prime number?
True
Is 125119147397 a composite number?
False
Is 597586079 a prime number?
False
Is 20556812111 a prime number?
False
Is 592041278 prime?
False
Is 7262311039 a prime number?
False
Is 182554699 composite?
True
Is 1852931 prime?
False
Is 14394835079 a composite number?
True
Is 11378198641 prime?
True
Is 812446829 a prime number?
True
Is 448896093 composite?
True
Is 678428719 a prime number?
True
Is 4485969821 a composite number?
False
Is 28711241761 composite?
False
Is 157859099 prime?
False
Is 5597212249 a prime number?
False
Is 882589109 a prime number?
False
Is 23270504041 a composite number?
False
Is 1419615619 composite?
False
Is 51346856339 a prime number?
True
Is 66768331855 prime?
False
Is 110092627 composite?
False
Is 19194961067 prime?
False
Is 18499271537 a prime number?
True
Is 108982739 a prime number?
True
Is 8034868003 a prime number?
False
Is 805114693 a prime number?
True
Is 1368140737 composite?
True
Is 96856100707 a composite number?
False
Is 486018353 a composite number?
True
Is 30266509183 a prime number?
False
Is 2263894993 a prime number?
True
Is 1756299187 prime?
True
Is 5280774307 composite?
False
Is 1643698603 a prime number?
False
Is 1208318291 a composite number?
False
Is 1366443601 composite?
True
Is 360070391 composite?
False
Is 57397523177 a composite number?
False
I